- t + 5. Suppose -2*b + 2*l = 2*b - 58, 19 = 2*b - 3*l. Suppose -4*o + 42 + 38 = 4*x, -4*x = -4*o + 104. Let d = o - b. Give j(d).
-1
Suppose -3*m - 5 = -2*s, 4*s - 2*m - 2*m = 20. Let u = -7 + s. Let j(t) = -2*t**2 + 4*t. What is j(u)?
-6
Let v(u) be the second derivative of 1/2*u**2 + u**3 + 0 + 6*u. Let f(m) = -11*m - 2. Let r(a) = 3*f(a) + 5*v(a). Give r(-3).
8
Let k be 8/(-20) - 56/10 - 3. Let n be 4*6/k + (-1)/3. Let g(v) = v**3 + 4*v**2 + 3*v - 2. Give g(n).
-2
Let d(p) = p + 5. Let s = -64 + 69. Suppose 42 = -s*z - 4*v, -2*z + 0*v + v = 9. Give d(z).
-1
Let a(z) be the second derivative of z**4/12 + z**3 - 5*z**2 - z. Let p(o) = 4*o + 21. Let s be p(-7). Let m be a(s). Let y(l) = -l. What is y(m)?
3
Let m(n) = -5*n + 264 - 2*n - 266. Give m(-2).
12
Let l(i) be the first derivative of -15 + i + 3/2*i**2. Determine l(-1).
-2
Suppose 2*h = -4*l - 1 - 3, -4*l - 12 = h. Let y be (2/3)/(h/84). Let j(a) = 2*a - 6. Determine j(y).
8
Let w(t) = 2*t - 1. Let n(h) = h**2 + 10*h - 9. Let s be n(-11). Suppose -2*j - m + 3*m = 14, -s*m = j + 1. Give w(j).
-11
Let i be (-6)/3*3/2. Let y(a) be the third derivative of 1/120*a**6 - 1/6*a**4 + 0*a**3 + 0*a - 15*a**2 + 0*a**5 + 0. Give y(i).
-15
Let c(g) = g**3 - 4*g**2 - 7*g + 7. Let w be ((-35)/10 - -4)*0. Let b = w - -5. What is c(b)?
-3
Suppose 9 = 3*n, -3*o = -2*n + 4 + 2. Suppose -b = h + 2, 3*h - 10 = 5*b - o*h. Let m(j) = -j**3 - j**2 + j. Calculate m(b).
2
Let j(q) = 13*q + 10. Let n be ((-110)/385 - 16/(-7)) + -6. Calculate j(n).
-42
Suppose 2*f + c + 0*c = -10, 3*c + 15 = -f. Let q(k) be the second derivative of -k**3/6 + k**2 - 9*k. Calculate q(f).
5
Let y = -1 + -1. Let l be (-8)/(-20) + 0 + (-8)/(-5). Let h(x) = 5 + 4*x**2 + x**3 - 3 - x - 3*x**l + 0*x**3. Determine h(y).
0
Let p(h) = 4*h**2 - 15*h + 6 - 32*h + 45*h - h**3. Determine p(4).
-2
Let r(k) = -4*k**3 - k. Let x be 43/(-3 + 2*(-3 - -4)). Let i = x + 44. Determine r(i).
-5
Suppose -3*l + 15 = 2*l. Let j(h) = -2*h**2 + 2*h + 4. Determine j(l).
-8
Let t(o) = o**3 - 3*o**2 - 2*o + 3. Let m(l) = l**3 - 15*l**2 + 14*l + 1. Let d be m(14). Let z be 14/(-35)*(11 - d) - -7. Give t(z).
-3
Let k(h) = 3*h**2 + 7*h + 3. Suppose 5*i + 5*l = 7*l - 17, -14 = 5*i + l. What is k(i)?
9
Suppose -30*c = -58*c - 112. Let h(d) = -d**3 - 2*d**2 + 3*d + 3. Determine h(c).
23
Let l(m) be the first derivative of -13*m**3/3 - m**2/2 - 44. Determine l(1).
-14
Let g(y) = -2*y + 0 + 9*y - 3 - 2*y**2. Let x be g(5). Let k be (-2)/11 + x/22. Let i(u) = 12*u**3 + u**2 + u. What is i(k)?
-12
Let t be 4/(-6)*3*6/4. Let c(b) = 10*b**3 + 16*b**2 - 13*b - 19. Let w(g) = -7*g**3 - 11*g**2 + 9*g + 13. Let j(i) = -5*c(i) - 7*w(i). Determine j(t).
-2
Let p(z) = -z**2 - 26*z - 3. Suppose -2*i = -h - 36, -3*h + 3*i = 62 + 31. Calculate p(h).
-3
Suppose -13*t + 49*t = 288. Let a(d) = 2*d**2 - 11*d + 10. Give a(t).
50
Let o(i) = -i**2 + 2*i - 2. Let n(u) = -9*u**2 + 16*u - 10. Let t(w) = n(w) - 6*o(w). What is t(-3)?
-37
Let u(m) = -m - 17. Let w(k) = -15*k - 477. Let a be w(-31). Give u(a).
-5
Let s be -1 + (7 - 0 - 11). Let n(h) = -2*h - 8. What is n(s)?
2
Let x = 75 + -71. Let w(r) be the third derivative of -1/6*r**3 - 1/12*r**x + 0 + 12*r**2 + 1/60*r**5 + 0*r. Calculate w(2).
-1
Let m(x) = x - 1. Let z(c) = c + 15. Let i be z(-15). Let l be i + 3 + -17 + 17. Let r be (-8 - -16) + (-1 - l). What is m(r)?
3
Let n be (2 + 1)/((-11)/22). Let b(q) = q**2 + q - 16. Determine b(n).
14
Suppose 0 = 19*g + 6 + 13. Let l(a) = 1 - 2*a + 3*a**2 + 3*a - 4*a**2 - 27*a**3. What is l(g)?
26
Let u(r) = -r**2 + 6*r - 3. Suppose 3*a + 2*v + 39 = 0, -2*a + v + v = 36. Let b = 20 + a. Give u(b).
2
Let w(j) = -4*j + 2 + 5 + 5*j. Let t(l) = l**2 + 8*l + 6. Let i be t(-8). Suppose -3*m = 2*b + 6, -i*m = -2*m - 4*b - 12. What is w(m)?
7
Suppose 4*f - 6*f + 28 = 0. Let c be 132/21 + (-4)/f. Let z(n) be the third derivative of -n**6/120 + n**5/10 - n**3/3 + 3*n**2. Give z(c).
-2
Let n(z) = -2*z - 1. Suppose -3*a = -l - 9 - 4, a = -4*l - 13. Suppose 4*j - 2*m = 12, 2*m = a*j + 4*m + 5. Give n(j).
-3
Let n be 0/(-2) + (-14)/(-2). Let h(v) = -19*v + n*v - 6 + 13*v. Calculate h(5).
-1
Let q = 2 - -2. Suppose -2*o = -o - q. Let z(a) = a**2 + 11*a + 0*a**2 - 14*a - 5. Calculate z(o).
-1
Let j(r) = -r + 6. Let c(i) = 2*i + 13. Let m(d) = -d - 13. Let x(p) = -3*c(p) - 4*m(p). Let v(q) = -7*j(q) + 4*x(q). Calculate v(10).
0
Let v(b) = -b**2 - b - 12. Let r be v(0). Let k be r/(3 - -1) + 1. Let x be 2 + k - (-1 - -2). Let f(z) = z + 1. Give f(x).
0
Suppose 32 = -9*s + s. Let x(a) = -5*a**3 + 4*a**2 + 5*a - 7. Let l(v) = 6*v**3 - 5*v**2 - 6*v + 7. Let g(y) = s*l(y) - 5*x(y). Determine g(0).
7
Suppose 2*d - 71 = -4*b - 29, 20 = 5*b - 4*d. Suppose -3*s - s = -b. Suppose s*z = -3 + 1. Let t(a) = -5*a**2 - 1. Determine t(z).
-6
Let l(v) = 3*v**2 + 8*v + 7. Let a(w) = 7*w**2 + 16*w + 13. Let i(m) = 2*a(m) - 5*l(m). Suppose -5*f + 25 = 10. Let u be -4 - -2 - (1 + f). Determine i(u).
3
Let m(d) be the third derivative of -d**6/120 - d**5/10 - 5*d**4/24 - 4*d**2. Suppose -11*g = -5*f - 10*g - 16, 3*f + 24 = -3*g. What is m(f)?
-12
Let a(s) = 11 + 13 - 11 - 1 + 21 - s. What is a(0)?
33
Let t = 26 - 18. Suppose -y + 6 + 5 = 3*f, 2*f - t = -y. Suppose -c = y*c. Let j(u) = u**3 - u**2 + 9. Determine j(c).
9
Let m(r) = 10*r**3 + 3*r**2 - r. Let h be m(1). Suppose 0*o + h = 4*o. Let i(v) = 4*v**2. Let z(a) = -a**2. Let s(d) = -i(d) - 5*z(d). What is s(o)?
9
Let b(o) be the first derivative of 2*o**2 - 17*o + 274. What is b(8)?
15
Let o(m) = m**2 + 2. Let i(s) be the third derivative of s**6/120 - s**5/12 + s**4/6 + s**3/2 - s**2. Suppose 1013 = 9*t + 977. Let g be i(t). Determine o(g).
11
Let k(s) = s**2 - 9*s + 24. Let t be k(6). Let l(z) = z**3 - 6*z**2 - 4. Calculate l(t).
-4
Let u(t) = -t**2 + 7*t + 10. Let l = 55 + -33. Let c = l - 14. Determine u(c).
2
Let o(q) = q**2 + 4*q + 6. Let n(b) = -b**2 + 7*b + 2. Suppose -4*k = -50 + 18. Let c be n(k). Determine o(c).
18
Let n = 1704 - 1698. Let o(i) = -i**3 + 6*i**2 + 3. Determine o(n).
3
Let t(n) = n - 5. Let p be t(4). Let f be -18*(0 - (p + 0)). Let r = f + 22. Let s(h) = h + 1. Calculate s(r).
5
Let k(d) be the second derivative of d**4/24 - 2*d**3/3 - 21*d**2/2 + 8*d. Let s(w) be the first derivative of k(w). Give s(-3).
-7
Let n(f) be the second derivative of 1/2*f**2 + 0 - 2*f - 1/6*f**3 - 1/2*f**4. Determine n(1).
-6
Suppose 4*z = -3*l + 91, 1 = -4*z - 7. Let y be (6/(-2))/(l/(-55)). Let i(u) = -u + 11. Give i(y).
6
Let b = -5 + 0. Let q be (-3 - 0)*6/(2 + b). Let w(r) = r**3 - 5*r**2 - 5*r - 4. What is w(q)?
2
Let t(l) = -l**2 + 16*l - 49. Suppose -10*g + 15*g = 20. Let j be t(g). Let f(b) = -15*b**3 + 2*b + 1. Determine f(j).
14
Let i(g) = 10*g**2 - 23*g + 6. Let o(t) = -7*t**2 + 16*t - 4. Let b(f) = 5*i(f) + 7*o(f). Give b(-4).
30
Let n(u) = -u**3 - 17*u**2 - 17*u - 2. Let i be (5 + 1)/(2/(32/(-6))). Calculate n(i).
14
Let u(a) be the third derivative of -a**6/720 - a**4/8 - 23*a**2. Let v(h) be the second derivative of u(h). What is v(-7)?
7
Let s = 250 + -248. Let u(k) be the second derivative of k**3/6 - k**2/2 + 2*k. Give u(s).
1
Let t(w) = -4*w**2 + 2*w - 11. Let i(l) = 13*l**2 - 8*l + 35. Let g(p) = -3*i(p) - 10*t(p). What is g(-6)?
17
Let y(g) = g**2 - 7*g - 6. Suppose 12*u - 15*u = 42. Let t = u + 22. Give y(t).
2
Let u(p) = 5*p**2 + 2*p + 1. Let m(d) = 4*d**2 + 3*d. Let h(v) = 3*m(v) - 2*u(v). Calculate h(-6).
40
Let h(j) be the second derivative of 1/20*j**5 - 1/4*j**4 - j**3 + 3/2*j**2 - 10*j + 0. What is h(4)?
-5
Suppose -2*q + 1 - 5 = -y, y = -4*q - 2. Let n(m) = 4*m**3 - 2*m**2 - 2*m - 1. Calculate n(q).
-5
Suppose 4*j = c - 28, -5*j + 7*j - 4 = 5*c. Let x(q) = 3 - 8*q - 7 - q**2 + 0*q**2. What is x(j)?
-4
Let t(x) = -x**3 + 12*x**2 + 6*x - 2. Let j(p) = p**3 - 13*p**2 - 5*p + 2. Let n(k) = -3*j(k) - 4*t(k). What is n(10)?
12
Let n(s) = -3*s**2 - 2*s + 2. Let m be n(-2). Let x = 15 - m. Let p(t) = 6 + 4*t + x*t**2 - 2 - 20*t**2. What is p(-4)?
4
Let o(i) = -i**3 - i**2 + 5*i + 2. Let d be o(-3). Let x(h) = -h + 5. Let r be x(5). Let u(j) = 6*j**2 - 1 + j + r*j**3 + 5 - j**3 - 5*j. Calculate u(d).
9
Suppose 5 = -k - 1. Let z(l) = -6*l - 2. Let t(w) = 7*w + 1. Let f(n) = -3*t(n) - 4*z(n). Give f(k).
-13
Let w(q) = 8 + q**2 - 70557*q + 70565*q + q*